96?
94
In base 7, what is 145 + -11?
134
In base 7, what is -1646 + 4?
-1642
In base 13, what is 4 + b0?
b4
In base 7, what is -3 + 6134?
6131
In base 13, what is 232 - 2b?
204
In base 13, what is 0 - -b4?
b4
In base 7, what is 13303 - -2?
13305
In base 9, what is 33 - -21?
54
In base 12, what is 111 + -2?
10b
In base 8, what is -2 + 204?
202
In base 5, what is -4 - 140?
-144
In base 9, what is 33 - 35?
-2
In base 6, what is 1123 + -54?
1025
In base 8, what is -25 + 4?
-21
In base 7, what is -1 - 506?
-510
In base 12, what is 1 - -14?
15
In base 14, what is 1b + 35?
52
In base 2, what is -1011110100 + -1?
-1011110101
In base 16, what is -353 - -2?
-351
In base 6, what is -31 + -34?
-105
In base 15, what is 3 - -33?
36
In base 10, what is 3 + 236?
239
In base 5, what is -1242 + -1?
-1243
In base 8, what is -30 - -2?
-26
In base 10, what is 128 + -17?
111
In base 4, what is -3 - 12?
-21
In base 16, what is 5 - -29?
2e
In base 8, what is 6777 - -4?
7003
In base 10, what is -2 + -131?
-133
In base 16, what is -71f + -2?
-721
In base 6, what is -404 - 4?
-412
In base 3, what is 110 - 22?
11
In base 14, what is -113 + -5?
-118
In base 8, what is 40 - 4?
34
In base 10, what is 2451 + -4?
2447
In base 12, what is -5 - -85?
80
In base 12, what is 19 - -50?
69
In base 9, what is -43 + 306?
253
In base 11, what is 2 - 44?
-42
In base 3, what is 2 - 21020202?
-21020200
In base 7, what is -1 - -266?
265
In base 3, what is 1211 - -2?
1220
In base 6, what is 3 + -1442?
-1435
In base 13, what is -3769 + -2?
-376b
In base 4, what is 2 + 3033?
3101
In base 14, what is 3 - 1a?
-17
In base 13, what is 3c + 3a?
79
In base 14, what is 11 - -1?
12
In base 2, what is 0 - 110?
-110
In base 10, what is -5 - 2156?
-2161
In base 16, what is -247 + 1?
-246
In base 7, what is -1204 - -3?
-1201
In base 3, what is -20 + 1020?
1000
In base 11, what is 23 - 118?
-a5
In base 6, what is 22 + 15?
41
In base 16, what is 3 + 138?
13b
In base 9, what is 0 - -257?
257
In base 10, what is -1 + 445?
444
In base 6, what is 1 + -120?
-115
In base 3, what is 11 + -2122?
-2111
In base 2, what is -100 - 1101001?
-1101101
In base 11, what is 6770 - -1?
6771
In base 8, what is -1 + 1701?
1700
In base 15, what is 41 - -3?
44
In base 10, what is -15 - 217?
-232
In base 15, what is 17 + 11?
28
In base 15, what is -162d + 4?
-1629
In base 6, what is -14252 + -5?
-14301
In base 7, what is -101 + -131?
-232
In base 14, what is 2 + b11?
b13
In base 3, what is -21 - -122?
101
In base 5, what is 1 - 11432?
-11431
In base 11, what is -3 - 82?
-85
In base 5, what is -134 + 0?
-134
In base 6, what is -5 + -123?
-132
In base 4, what is -1103 + -11?
-1120
In base 7, what is -4 - -26642?
26635
In base 2, what is 0 + -11?
-11
In base 10, what is -1037 + 3?
-1034
In base 14, what is -19 + -2?
-1b
In base 14, what is -aa + 3?
-a7
In base 15, what is d + -1c?
-e
In base 7, what is -26 - -24?
-2
In base 7, what is -205 - -20?
-155
In base 15, what is 0 - 23?
-23
In base 6, what is 101 - 20?
41
In base 7, what is 3 - -250?
253
In base 15, what is 7 - -1a2?
1a9
In base 16, what is 2 + -32?
-30
In base 11, what is 4 + 779?
782
In base 10, what is 18 - -195?
213
In base 11, what is -83 + -17?
-9a
In base 5, what is -10 + 3103?
3043
In base 14, what is 2 - -23?
25
In base 14, what is -3 + -1055?
-1058
In base 11, what is 6884 - 3?
6881
In base 16, what is 4 + -44?
-40
In base 16, what is b + 3?
e
In base 4, what is 112300 - -11?
112311
In base 3, what is 2022 + -112?
1210
In base 15, what is 0 + b78?
b78
In base 12, what is 75 + 13?
88
In base 15, what is 1 - 86b?
-86a
In base 12, what is 294 - -3?
297
In base 11, what is -94 - -23?
-71
In base 14, what is -47 - 11?
-58
In base 5, what is -32 + 1402?
1320
In base 7, what is -3 - 22?
-25
In base 6, what is -1 - -40333?
40332
In base 14, what is -10 + -c9?
-d9
In base 6, what is 3 - 25303?
-25300
In base 2, what is -11 - 100101101?
-100110000
In base 8, what is 36 - -51?
107
In base 7, what is 5 - -22?
30
In base 16, what is b + 38?
43
In base 2, what is -111110100000 - 10?
-111110100010
In base 9, what is -1453 + -3?
-1456
In base 5, what is 1014 + 11?
1030
In base 13, what is 195 - -22?
1b7
In base 12, what is 3 + 426?
429
In base 7, what is -255 - -5?
-250
In base 6, what is -41 + -104?
-145
In base 3, what is -2000 + -211?
-2211
In base 12, what is -2 + 17?
15
In base 10, what is -1611 - -4?
-1607
In base 5, what is -32 + -21?
-103
In base 6, what is 503 + 2?
505
In base 7, what is -104 - -4?
-100
In base 13, what is 1 - 5b2?
-5b1
In base 9, what is -3 + -40?
-43
In base 15, what is -567 + -2?
-569
In base 10, what is -4267 + 1?
-4266
In base 9, what is -4 + -480?
-484
In base 14, what is 4 - -b00?
b04
In base 5, what is 122 + 12?
134
In base 9, what is -7 - -420?
412
In base 9, what is 632 + 2?
634
In base 6, what is -1 + 232?
231
In base 13, what is -5 - 6cb?
-703
In base 11, what is -1 - 20?
-21
In base 2, what is 1 - 1100101001001?
-1100101001000
In base 13, what is 7 + -11a?
-113
In base 11, what is -4 + -168?
-171
In base 10, what is -556 - -1?
-555
In base 8, what is -47157 - 4?
-47163
In base 16, what is -2d6 + -4?
-2da
In base 6, what is 0 + -1354?
-1354
In base 7, what is 343 + -3?
340
In base 12, what is -1 + -7a?
-7b
In base 15, what is 334 - 1?
333
In base 6, what is 3 - -3220?
3223
In base 9, what is 4 + -721?
-716
In base 12, what is -18 - 12?
-2a
In base 16, what is 102 + -2?
100
In base 3, what is 10111 + -112?
2222
In base 5, what is 3 + 24322?
24330
In base 5, what is -42334 + 3?
-42331
In base 4, what is 2 + 22200?
22202
In base 5, what is -21 - 112?
-133
In base 9, what is -3 - 23?
-26
In base 7, what is 4 - 3540?
-3533
In base 7, what is 214 + -2?
212
In base 4, what is -10 - -2100?
2030
In base 12, what is 4b + b2?
141
In base 11, what is -89 - 40?
-119
In base 15, what is -167 + 5?
-162
In base 15, what is 1 - -3b0?
3b1
In base 3, what is 2010201 - 2?
2010122
In base 9, what is 3 + -8320?
-8316
In base 6, what is 3 + 21340?
21343
In base 10, what is 2 - 2705?
-2703
In base 9, what is 5 - -2030?
2035
In base 3, what is 1 + 0?
1
In base 15, what is 9 - 158?
-14e
In base 3, what is 200 + 101?
1001
In base 8, what is 2 + 474?
476
In base 7, what is 23613 + 3?
23616
In base 7, what is -34 + 52?
15
In base 3, what is 11220 + -10?
11210
In base 15, what is -25 - -e8?
c3
In base 14, what is -17 - -3c?
25
In base 15, what is -3 - 122?
-125
In base 2, what is 101 - -10011001001?
10011001110
In base 11, what is 688 - -16?
6a3
In base 10, what is 911 + -1?
910
In base 8, what is -16 + 13?
-3
In base 3, what is -21 - 10000?
-10021
In base 14, what is -a4c + -1?
-a4d
In base 5, what is -124 + -3?
-132
In base 14, what is 5 + -6a?
-65
In base 9, what is -82008 - 3?
-82012
In base 10, what is 21 - 1?
20
In base 2, what is -1001001110110 - 0?
-1001001110110
In base 13, what is 19 + 4?
20
In base 15, what is 4 - 5e8?
-5e4
In base 4, what is 111 - 123?
-12
In base 10, what is 55 - -3?
58
In base 10, what is 406 - -8?
414
In base 9, what is 1 + -161?
-160
In base 6, what is -2 + 35553?
35551
In base 8, what is 1 - -264?
265
In base 5, what is -211 + -34?
-300
In base 16, what is 45 - 4?
41
In base 9, what is 77 + 27?
115
In base 16, what is 23 - 7?
1c
In base 15, what is -5 + b?
6
In base 7, what is -1003 - 0?
-1003
In base 16, what is -2683 - -1?
-2682
In base 4, what is 300 + 0?
300
In base 4, what is -12 + 1131?
1113
In base 7, what is -3 + 3206?
3203
In base 6, what is -42 + 152?
110
In base 8, what is -4 + 22?
16
In base 7, what is 1 + -204?
-203
In base 16, what is 1bb - 5?
1b6
In base 15, what is 0 - -27?
27
In base 8, what is 13 + -303?
-270
In base 6, what is 40 + 102?
142
In base 6, what is 3 - -12?
15
In base 11, what is -16144 - -3?
-16141
In base 16, what is -2 + 43?
41
In base 16, what is 0 + -598?
-598
In base 5, what is -1 - -14101?
14100
In base 6, what is -5452 + -4?
-5500
In base 10, what is 49 - 10?
39
In base 14, what is -4cb + 0?
-4cb
In base 7, what is 4 - -32?
36
In base 9, what is 43 + 3?
46
In base 14, what is -3b + -d?
-4a
In base 5, what is -14 - -3203?
3134
In base 10, what is 5 + -2331?
-2326
In base 11, what is 955a - 5?
9555
In base 10, what is 3 + 18?
21
In base 8, what is -5 + -2150?
-2155
In base 12, what is -2 - 13?
-15
